+ 36, 4*h + 5*g = 69 - l. What is the greatest common factor of 88 and h?
11
Suppose j - 699 = -5*l, l = 3*j + j + 144. Let d = 4 + 10. What is the highest common factor of l and d?
14
Suppose -4*b - 66 = -7*b + 4*j, -5*b + 3*j = -121. What is the highest common factor of 65 and b?
13
Suppose -87 = -3*v - 10*c + 12*c, -2*v - 3*c + 58 = 0. Let x(t) = -2*t - 1. Let w be x(-15). Calculate the highest common factor of w and v.
29
Suppose -x - 41 = 3*s + 228, 4*s = 5*x - 346. Let r = s + 94. Calculate the greatest common factor of 65 and r.
5
Suppose 237 = 6*h - 393. What is the greatest common divisor of 195 and h?
15
Let u = -66 - -116. Suppose 3*w - u = z, 2*w = -2*w + 4*z + 64. Let v = 364 + -177. Calculate the greatest common factor of w and v.
17
Let o be (-14 - 1)/((-2)/6). Calculate the greatest common divisor of o and 9.
9
Let h(y) = -17*y + 7. Let c(f) = 6*f - 2. Let x(n) = -8*c(n) - 3*h(n). Let p be x(3). What is the greatest common factor of p and 6?
2
Let f(b) = -b + 9. Let r be f(5). Suppose r*n - 178 = 650. Let p = -301 + 324. Calculate the highest common factor of p and n.
23
Let u(a) = a**3 + 27*a**2 + 25*a - 21. Let v be u(-26). Suppose 4*f - 80 = -k, -3*f - 2*f - v*k + 115 = 0. What is the highest common factor of 152 and f?
19
Suppose 0 = 6*k - 4*k + 4*u + 94, 134 = -3*k + u. Let n = k - -101. Let y = 4 + 3. What is the greatest common divisor of n and y?
7
Suppose 2*u - 6 = -u - 4*s, 5*s = -4*u + 8. Let k be (-2)/6 + 8/(-12). Let z be 8 - (u - k - 3). Calculate the greatest common divisor of z and 2.
2
Suppose 0 = p - 148 + 28. What is the highest common factor of 48 and p?
24
Suppose 0 = j - 4*w - 270, 2*w = -4*j - 0*j + 1080. Calculate the highest common divisor of j and 105.
15
Suppose 11 - 2 = 3*b, -5*s - b = -498. What is the highest common divisor of 81 and s?
9
Let q be 34/((-13)/((-195)/10)). What is the highest common factor of 9 and q?
3
Let y be (-2 + 7 + -4)/(-2 - -3). Let z = -61 + 62. What is the highest common divisor of y and z?
1
Let u(x) = -5*x**2 + 2. Let g be u(-2). Let k be (-2000)/(-72) - 4/g. Suppose -9*y = -5*y - k. Calculate the highest common factor of 77 and y.
7
Suppose 4*i = -240 + 728. Calculate the greatest common factor of 915 and i.
61
Let u(i) = -i**3 + 19*i**2 - 11*i + 221. Let a be u(17). What is the greatest common factor of a and 8?
4
Suppose p = -f - 15, -f + 9 = 2*p + 35. Let u = -11 - p. Suppose 4*j + 2*m = 80, 3*j + 0*m + 2*m - 60 = u. What is the highest common divisor of j and 8?
4
Let m(f) = 2*f + 8. Let p be m(0). Let b be 1 + 0 - (3 + -5). Suppose -3*r - r - 2*v + 126 = 0, 2*r - 67 = b*v. Calculate the highest common divisor of r and p.
8
Suppose 17 - 31 = -2*f. Suppose q + 54 = f*q. What is the highest common factor of q and 108?
9
Suppose 0*z + 4*z + 72 = 0. Let l be (-516)/z + 1/3. Calculate the greatest common divisor of 58 and l.
29
Suppose 0 = 23*w - 6*w - 2295. What is the highest common divisor of w and 30?
15
Suppose -17*a + 398 = -1183. What is the highest common divisor of a and 1209?
93
Let j = 275 - 221. Calculate the highest common factor of j and 48.
6
Let v(n) = n**2 - 12*n + 11. Let j be v(8). Let i be (-48)/j - (-6)/(-21). Suppose i*k = 6*k - 24. What is the greatest common divisor of k and 4?
2
Suppose 4*v - 35 - 1 = 0. Suppose -19*d + 27*d - 576 = 0. Calculate the greatest common divisor of d and v.
9
Let y(o) = 12*o - 1. Let f(w) = -w**3 - w**2 + 2*w + 1. Let r be f(-2). Let m be y(r). What is the greatest common divisor of 44 and m?
11
Let q(b) = 27*b**2 - 57*b - 2. Let g be q(3). Suppose -2*k - k - 2*r + 32 = 0, 3*r + 85 = 5*k. Calculate the highest common factor of k and g.
14
Let u = 9 - -2. Suppose 31 = 15*n - 44. Suppose 4*s - 5*m = -9*m + 488, -3*m = n*s - 608. What is the highest common factor of u and s?
11
Suppose 2*s - 11 - 5 = 0. Suppose -s = -4*z + 32. Calculate the greatest common factor of 80 and z.
10
Suppose 0 = 4*o + o - 10. Let s be (-1036)/(-105) + o/15. Calculate the greatest common divisor of 80 and s.
10
Let r(a) = a**3 + 21*a**2 + 62*a - 27. Let x be r(-17). Calculate the greatest common divisor of x and 1625.
25
Suppose 22*d = -5*q + 17*d + 235, 4*d + 196 = 4*q. What is the highest common factor of 48 and q?
48
Let t(p) = 7*p - 6. Let x be t(6). Let g = 101 + -91. Suppose 0 = -3*h - g*h + 117. Calculate the greatest common divisor of x and h.
9
Suppose 0 = w + w - j - 204, 0 = -3*j - 12. Suppose -1098*z + 1109*z = 440. What is the greatest common divisor of w and z?
20
Suppose t - 55 + 15 = 0. What is the greatest common factor of t and 15?
5
Suppose 22*l - 26*l = -4. Let c be (l - -3)/((-6)/(-45)). What is the greatest common divisor of c and 20?
10
Let s(l) = -20*l. Let v be s(-4). Let m be (v/(-2))/(8/(-12)). Let x = 159 - 119. What is the highest common factor of x and m?
20
Let l(p) = -4*p + 33. Let x be l(-14). Let i = 78 + -17. Suppose 5*r - i - x = 0. Calculate the greatest common divisor of r and 15.
15
Let t(c) = 1 - c**3 + 2*c**3 + 1 + 7*c**2 + 4*c. Suppose -8*g = -17*g - 54. Let w be t(g). What is the greatest common divisor of 126 and w?
14
Suppose -3*r = -74 - 118. Let f = 28 + -12. What is the highest common factor of f and r?
16
Let i be ((-74)/6)/(3/(-9)). Let g = i + -25. Let t be 64/g + 2/(-6). What is the highest common divisor of 5 and t?
5
Let o be (16/28)/(10/35). Suppose -5*j = -o*v - 5, 28 = 3*v + 5*j - 27. Calculate the highest common factor of v and 10.
10
Suppose -26 = 6*n - 44. What is the highest common factor of 57 and n?
3
Suppose 3*i + y - 6*y = 11, -13 = i - 5*y. Let k be (-10)/3*18/(-15). Suppose -7*h + 288 = -k*h. Calculate the highest common divisor of h and i.
12
Let d = 141 + 1994. Suppose 14*p = 7*p + d. What is the greatest common divisor of p and 122?
61
Suppose -82*m - 24 = -106. Suppose -2*t - 9 = -5*t. What is the highest common divisor of m and t?
1
Suppose -41 = -4*g - 5*b - 0*b, -5*g - 3*b + 35 = 0. Let p(n) = 3*n**2 + 14*n + 5. Let o be p(-5). Calculate the highest common divisor of g and o.
2
Suppose 4*c - 37 = -2*f + 25, -2*c + 28 = 2*f. Let b = c - 0. Let a(x) = -x**3 - 5*x**2 - x - 8. Let j be a(-6). What is the highest common factor of b and j?
17
Let s(i) = -4*i + 2. Let d be s(0). Let m be 4 + (-54)/(-4) - 2/(-4). What is the greatest common divisor of m and d?
2
Suppose -135 = -4*a + 281. Let l be 29/((-348)/(-40))*39/5. What is the greatest common divisor of a and l?
26
Let o = -15 - -27. Let p be 15/(-6) + o/8. Let u(v) = -43*v - 1. Let y be u(p). Calculate the highest common factor of y and 28.
14
Let z = 1 - -26. Let g(t) = -3*t - 4. Let i be g(-6). Suppose l - i = 2*c + 5, 0 = 3*c - 12. Calculate the greatest common divisor of l and z.
27
Let h(d) = 1 + 11*d**2 - 8*d**2 + 16*d**2. Let b(t) = -t**3 - 14*t**2 - t - 13. Let v be b(-14). Let m be h(v). What is the highest common factor of 220 and m?
20
Suppose -5*l = -5 - 20, -4*w + l + 39 = 0. What is the greatest common divisor of w and 99?
11
Let o = 34 - 31. Suppose -o*k + 195 + 165 = 0. Suppose 4*w = -2*g - 0*g + k, 2*g - 2*w - 150 = 0. What is the highest common factor of g and 10?
10
Let v be (21 - -3)/(124/6758). Calculate the greatest common factor of 12 and v.
12
Let v(s) = s**3 - 15*s**2 - s + 17. Let a be v(15). Suppose b + 9 = -5*r, a*b = -3*b + 3*r + 95. Calculate the highest common divisor of 40 and b.
8
Suppose 2*i = 80 + 4. Calculate the greatest common factor of 28 and i.
14
Suppose -54*q + 64*q = 260. Calculate the highest common divisor of 4 and q.
2
Suppose -r = p, p + 4 = -p. Suppose 3*b - 463 = z + 3*z, 305 = r*b + z. Suppose i - 2*i = -17. What is the highest common factor of i and b?
17
Suppose -2*n + 2 = -48. What is the greatest common divisor of 25 and n?
25
Suppose -4*x + 4 + 52 = 0. Suppose -56 = -2*z - a, 3*z + 4*a = -a + 84. Calculate the highest common factor of x and z.
14
Let d = -2 - -38. Let c = 675 - 639. What is the highest common divisor of c and d?
36
Let g be (2 + -3)/(6 - (-3125)/(-520)). What is the highest common divisor of 39 and g?
13
Let v(p) = -p**3 - 4*p**2 + 5*p + 1. Let a be v(-5). Let q = a - -39. What is the highest common divisor of 20 and q?
20
Suppose 4*i + 2*w = 634 - 198, 10 = -5*w. Let u be (4 - 7)/((-9)/30). What is the highest common divisor of i and u?
10
Suppose